{"id":94,"date":"2019-04-26T23:39:09","date_gmt":"2019-04-26T21:39:09","guid":{"rendered":"http:\/\/wp11002485.server-he.de\/wp2019\/?page_id=94"},"modified":"2025-01-30T16:50:44","modified_gmt":"2025-01-30T15:50:44","slug":"massschneider","status":"publish","type":"page","link":"https:\/\/www.herrenschneider-hamburg.de\/index.php\/massschneider\/","title":{"rendered":"Ihr Ma\u00dfschneider in Hamburg"},"content":{"rendered":"\n<p class=\"has-drop-cap\">Mit Begeisterung und einem feinen Auge f\u00fcr die Besonderheiten klassischer Ma\u00dfanz\u00fcge entwickelte Sandro D\u00fchnforth seinen ausgepr\u00e4gten Sinn f\u00fcr Stil und Dresscode.<\/p>\n\n\n\n<p>Nach der Ausbildung im altehrw\u00fcrdigen Kloster Frauenberg zu Fulda und Gesellenjahren am Deutschen Schauspielhaus in Hamburg hat er seine Pr\u00fcfung zum Herrenschneidermeister an der Handwerkskammer D\u00fcsseldorf als Jahrgangsbester abgeschlossen.<\/p>\n\n\n\n<p>Die Erhaltung des Kulturgutes Schneiderhandwerk liegt Sandro D\u00fchnforth am Herzen, deshalb bildet er seit vielen Jahren mit gro\u00dfem Engagement den Nachwuchs aus.<\/p>\n\n\n\n<hr class=\"wp-block-separator\"\/>\n\n\n\n<p><a href=\"https:\/\/www.welt.de\/icon\/maenner\/article160155479\/Das-sind-die-besten-Herrenschneider-Deutschlands.html\" target=\"_blank\" rel=\"noopener noreferrer\">Pressemeldung: WELT &#8222;Die besten Herrenschneider&#8220;<\/a><\/p>\n\n\n\n<p><a href=\"https:\/\/www.zeit.de\/hamburg\/2021-07\/herrenschneidermeister-handwerk-hamburg-sandro-duehnforth-atelier-unesco\" target=\"_blank\" rel=\"noopener noreferrer\">Pressemeldung: Die Zeit \u2013 \u201eAuf Kante gen\u00e4ht\u201c<\/a><\/p>\n\n\n\n<p><a href=\"https:\/\/www.manager-magazin.de\/lifestyle\/stil\/massschneiderei-der-kunde-als-designer-a-954858.html\" target=\"_blank\" rel=\"noopener noreferrer\">Pressemeldung: manager magazin \u2013 \u201eDer Kunde als Designer\u201c<\/a><\/p>\n\n\n\n<p><a href=\"https:\/\/www.shz.de\/lokales\/holsteinischer-courier\/grosse-liebe-zu-altem-handwerk-id3633721.html\" target=\"_blank\" rel=\"noopener noreferrer\">Pressemeldung: SHZ \u2013 \u201eGro\u00dfe Liebe zu altem Handwerk\u201c<\/a><\/p>\n\n\n\n<p><\/p>\n","protected":false},"excerpt":{"rendered":"<p>Mit Begeisterung und einem feinen Auge f\u00fcr die Besonderheiten klassischer Ma\u00dfanz\u00fcge entwickelte Sandro D\u00fchnforth seinen ausgepr\u00e4gten Sinn f\u00fcr Stil und Dresscode. Nach der Ausbildung im altehrw\u00fcrdigen Kloster Frauenberg zu Fulda und Gesellenjahren am Deutschen Schauspielhaus in Hamburg hat er seine Pr\u00fcfung zum Herrenschneidermeister an der Handwerkskammer D\u00fcsseldorf als Jahrgangsbester abgeschlossen. Die Erhaltung des Kulturgutes Schneiderhandwerk [&hellip;]<\/p>\n","protected":false},"author":1,"featured_media":644,"parent":0,"menu_order":0,"comment_status":"closed","ping_status":"closed","template":"","meta":{"footnotes":""},"class_list":["post-94","page","type-page","status-publish","has-post-thumbnail","hentry"],"yoast_head":"<!-- This site is optimized with the Yoast SEO plugin v26.8 - https:\/\/yoast.com\/product\/yoast-seo-wordpress\/ -->\n<title>Ihr Ma\u00dfschneider f\u00fcr Unikate in Hamburg - Sandro D\u00fchnforth<\/title>\n<meta name=\"description\" content=\"\u2702 Schneidermeister f\u00fcr klassische &amp; moderne Ma\u00dfanz\u00fcge in Hamburg. Exklusive Stoffe wie Zegna, pr\u00e4zise Schnitte, perfekte Passform. \u2702\" \/>\n<meta name=\"robots\" content=\"index, follow, max-snippet:-1, max-image-preview:large, max-video-preview:-1\" \/>\n<link rel=\"canonical\" href=\"https:\/\/www.herrenschneider-hamburg.de\/index.php\/massschneider\/\" \/>\n<meta property=\"og:locale\" content=\"de_DE\" \/>\n<meta property=\"og:type\" content=\"article\" \/>\n<meta property=\"og:title\" content=\"Ihre Ma\u00dfschneider in Hamburg - Sandro D\u00fchnforth\" \/>\n<meta property=\"og:description\" content=\"\u2702\u2702\u2702 Herrenschneidermeister mit Bestnote. Der Ma\u00dfschneider aus Hamburg entwickelt klassische Ma\u00dfanz\u00fcge mit ausgepr\u00e4gten Sinn f\u00fcr Stil \u2702\u2702\u2702\" \/>\n<meta property=\"og:url\" content=\"https:\/\/www.herrenschneider-hamburg.de\/index.php\/massschneider\/\" \/>\n<meta property=\"og:site_name\" content=\"D\u00fchnforth - Herrenschneider Hamburg\" \/>\n<meta property=\"article:publisher\" content=\"https:\/\/www.facebook.com\/herrenschneider\/\" \/>\n<meta property=\"article:modified_time\" content=\"2025-01-30T15:50:44+00:00\" \/>\n<meta property=\"og:image\" content=\"https:\/\/www.herrenschneider-hamburg.de\/wp-content\/uploads\/2021\/05\/der_schneider_schneidermeister_hamburg-og.jpg\" \/>\n\t<meta property=\"og:image:width\" content=\"1200\" \/>\n\t<meta property=\"og:image:height\" content=\"630\" \/>\n\t<meta property=\"og:image:type\" content=\"image\/jpeg\" \/>\n<meta name=\"twitter:card\" content=\"summary_large_image\" \/>\n<meta name=\"twitter:label1\" content=\"Gesch\u00e4tzte Lesezeit\" \/>\n\t<meta name=\"twitter:data1\" content=\"1\u00a0Minute\" \/>\n<script type=\"application\/ld+json\" class=\"yoast-schema-graph\">{\"@context\":\"https:\/\/schema.org\",\"@graph\":[{\"@type\":\"WebPage\",\"@id\":\"https:\/\/www.herrenschneider-hamburg.de\/index.php\/massschneider\/\",\"url\":\"https:\/\/www.herrenschneider-hamburg.de\/index.php\/massschneider\/\",\"name\":\"Ihr Ma\u00dfschneider f\u00fcr Unikate in Hamburg - Sandro D\u00fchnforth\",\"isPartOf\":{\"@id\":\"https:\/\/www.herrenschneider-hamburg.de\/#website\"},\"primaryImageOfPage\":{\"@id\":\"https:\/\/www.herrenschneider-hamburg.de\/index.php\/massschneider\/#primaryimage\"},\"image\":{\"@id\":\"https:\/\/www.herrenschneider-hamburg.de\/index.php\/massschneider\/#primaryimage\"},\"thumbnailUrl\":\"https:\/\/www.herrenschneider-hamburg.de\/wp-content\/uploads\/2024\/03\/Portrait-und-Anprobefotos__DSC7025_final-scaled.jpg\",\"datePublished\":\"2019-04-26T21:39:09+00:00\",\"dateModified\":\"2025-01-30T15:50:44+00:00\",\"description\":\"\u2702 Schneidermeister f\u00fcr klassische & moderne Ma\u00dfanz\u00fcge in Hamburg. Exklusive Stoffe wie Zegna, pr\u00e4zise Schnitte, perfekte Passform. \u2702\",\"breadcrumb\":{\"@id\":\"https:\/\/www.herrenschneider-hamburg.de\/index.php\/massschneider\/#breadcrumb\"},\"inLanguage\":\"de\",\"potentialAction\":[{\"@type\":\"ReadAction\",\"target\":[\"https:\/\/www.herrenschneider-hamburg.de\/index.php\/massschneider\/\"]}]},{\"@type\":\"ImageObject\",\"inLanguage\":\"de\",\"@id\":\"https:\/\/www.herrenschneider-hamburg.de\/index.php\/massschneider\/#primaryimage\",\"url\":\"https:\/\/www.herrenschneider-hamburg.de\/wp-content\/uploads\/2024\/03\/Portrait-und-Anprobefotos__DSC7025_final-scaled.jpg\",\"contentUrl\":\"https:\/\/www.herrenschneider-hamburg.de\/wp-content\/uploads\/2024\/03\/Portrait-und-Anprobefotos__DSC7025_final-scaled.jpg\",\"width\":2560,\"height\":1710},{\"@type\":\"BreadcrumbList\",\"@id\":\"https:\/\/www.herrenschneider-hamburg.de\/index.php\/massschneider\/#breadcrumb\",\"itemListElement\":[{\"@type\":\"ListItem\",\"position\":1,\"name\":\"Startseite\",\"item\":\"https:\/\/www.herrenschneider-hamburg.de\/\"},{\"@type\":\"ListItem\",\"position\":2,\"name\":\"Ihr Ma\u00dfschneider in Hamburg\"}]},{\"@type\":\"WebSite\",\"@id\":\"https:\/\/www.herrenschneider-hamburg.de\/#website\",\"url\":\"https:\/\/www.herrenschneider-hamburg.de\/\",\"name\":\"D\u00fchnforth - Herrenschneider Hamburg\",\"description\":\"Tradition. Perfektion. Leidenschaft.\",\"potentialAction\":[{\"@type\":\"SearchAction\",\"target\":{\"@type\":\"EntryPoint\",\"urlTemplate\":\"https:\/\/www.herrenschneider-hamburg.de\/?s={search_term_string}\"},\"query-input\":{\"@type\":\"PropertyValueSpecification\",\"valueRequired\":true,\"valueName\":\"search_term_string\"}}],\"inLanguage\":\"de\"}]}<\/script>\n<!-- \/ Yoast SEO plugin. -->","yoast_head_json":{"title":"Ihr Ma\u00dfschneider f\u00fcr Unikate in Hamburg - Sandro D\u00fchnforth","description":"\u2702 Schneidermeister f\u00fcr klassische & moderne Ma\u00dfanz\u00fcge in Hamburg. Exklusive Stoffe wie Zegna, pr\u00e4zise Schnitte, perfekte Passform. \u2702","robots":{"index":"index","follow":"follow","max-snippet":"max-snippet:-1","max-image-preview":"max-image-preview:large","max-video-preview":"max-video-preview:-1"},"canonical":"https:\/\/www.herrenschneider-hamburg.de\/index.php\/massschneider\/","og_locale":"de_DE","og_type":"article","og_title":"Ihre Ma\u00dfschneider in Hamburg - Sandro D\u00fchnforth","og_description":"\u2702\u2702\u2702 Herrenschneidermeister mit Bestnote. Der Ma\u00dfschneider aus Hamburg entwickelt klassische Ma\u00dfanz\u00fcge mit ausgepr\u00e4gten Sinn f\u00fcr Stil \u2702\u2702\u2702","og_url":"https:\/\/www.herrenschneider-hamburg.de\/index.php\/massschneider\/","og_site_name":"D\u00fchnforth - Herrenschneider Hamburg","article_publisher":"https:\/\/www.facebook.com\/herrenschneider\/","article_modified_time":"2025-01-30T15:50:44+00:00","og_image":[{"width":1200,"height":630,"url":"https:\/\/www.herrenschneider-hamburg.de\/wp-content\/uploads\/2021\/05\/der_schneider_schneidermeister_hamburg-og.jpg","type":"image\/jpeg"}],"twitter_card":"summary_large_image","twitter_misc":{"Gesch\u00e4tzte Lesezeit":"1\u00a0Minute"},"schema":{"@context":"https:\/\/schema.org","@graph":[{"@type":"WebPage","@id":"https:\/\/www.herrenschneider-hamburg.de\/index.php\/massschneider\/","url":"https:\/\/www.herrenschneider-hamburg.de\/index.php\/massschneider\/","name":"Ihr Ma\u00dfschneider f\u00fcr Unikate in Hamburg - Sandro D\u00fchnforth","isPartOf":{"@id":"https:\/\/www.herrenschneider-hamburg.de\/#website"},"primaryImageOfPage":{"@id":"https:\/\/www.herrenschneider-hamburg.de\/index.php\/massschneider\/#primaryimage"},"image":{"@id":"https:\/\/www.herrenschneider-hamburg.de\/index.php\/massschneider\/#primaryimage"},"thumbnailUrl":"https:\/\/www.herrenschneider-hamburg.de\/wp-content\/uploads\/2024\/03\/Portrait-und-Anprobefotos__DSC7025_final-scaled.jpg","datePublished":"2019-04-26T21:39:09+00:00","dateModified":"2025-01-30T15:50:44+00:00","description":"\u2702 Schneidermeister f\u00fcr klassische & moderne Ma\u00dfanz\u00fcge in Hamburg. Exklusive Stoffe wie Zegna, pr\u00e4zise Schnitte, perfekte Passform. \u2702","breadcrumb":{"@id":"https:\/\/www.herrenschneider-hamburg.de\/index.php\/massschneider\/#breadcrumb"},"inLanguage":"de","potentialAction":[{"@type":"ReadAction","target":["https:\/\/www.herrenschneider-hamburg.de\/index.php\/massschneider\/"]}]},{"@type":"ImageObject","inLanguage":"de","@id":"https:\/\/www.herrenschneider-hamburg.de\/index.php\/massschneider\/#primaryimage","url":"https:\/\/www.herrenschneider-hamburg.de\/wp-content\/uploads\/2024\/03\/Portrait-und-Anprobefotos__DSC7025_final-scaled.jpg","contentUrl":"https:\/\/www.herrenschneider-hamburg.de\/wp-content\/uploads\/2024\/03\/Portrait-und-Anprobefotos__DSC7025_final-scaled.jpg","width":2560,"height":1710},{"@type":"BreadcrumbList","@id":"https:\/\/www.herrenschneider-hamburg.de\/index.php\/massschneider\/#breadcrumb","itemListElement":[{"@type":"ListItem","position":1,"name":"Startseite","item":"https:\/\/www.herrenschneider-hamburg.de\/"},{"@type":"ListItem","position":2,"name":"Ihr Ma\u00dfschneider in Hamburg"}]},{"@type":"WebSite","@id":"https:\/\/www.herrenschneider-hamburg.de\/#website","url":"https:\/\/www.herrenschneider-hamburg.de\/","name":"D\u00fchnforth - Herrenschneider Hamburg","description":"Tradition. Perfektion. Leidenschaft.","potentialAction":[{"@type":"SearchAction","target":{"@type":"EntryPoint","urlTemplate":"https:\/\/www.herrenschneider-hamburg.de\/?s={search_term_string}"},"query-input":{"@type":"PropertyValueSpecification","valueRequired":true,"valueName":"search_term_string"}}],"inLanguage":"de"}]}},"_links":{"self":[{"href":"https:\/\/www.herrenschneider-hamburg.de\/index.php\/wp-json\/wp\/v2\/pages\/94","targetHints":{"allow":["GET"]}}],"collection":[{"href":"https:\/\/www.herrenschneider-hamburg.de\/index.php\/wp-json\/wp\/v2\/pages"}],"about":[{"href":"https:\/\/www.herrenschneider-hamburg.de\/index.php\/wp-json\/wp\/v2\/types\/page"}],"author":[{"embeddable":true,"href":"https:\/\/www.herrenschneider-hamburg.de\/index.php\/wp-json\/wp\/v2\/users\/1"}],"replies":[{"embeddable":true,"href":"https:\/\/www.herrenschneider-hamburg.de\/index.php\/wp-json\/wp\/v2\/comments?post=94"}],"version-history":[{"count":7,"href":"https:\/\/www.herrenschneider-hamburg.de\/index.php\/wp-json\/wp\/v2\/pages\/94\/revisions"}],"predecessor-version":[{"id":627,"href":"https:\/\/www.herrenschneider-hamburg.de\/index.php\/wp-json\/wp\/v2\/pages\/94\/revisions\/627"}],"wp:featuredmedia":[{"embeddable":true,"href":"https:\/\/www.herrenschneider-hamburg.de\/index.php\/wp-json\/wp\/v2\/media\/644"}],"wp:attachment":[{"href":"https:\/\/www.herrenschneider-hamburg.de\/index.php\/wp-json\/wp\/v2\/media?parent=94"}],"curies":[{"name":"wp","href":"https:\/\/api.w.org\/{rel}","templated":true}]}}